{"id":699,"date":"2018-03-24T22:50:38","date_gmt":"2018-03-24T22:50:38","guid":{"rendered":"http:\/\/local.psych\/?page_id=699"},"modified":"2023-02-25T19:10:50","modified_gmt":"2023-02-25T22:10:50","slug":"blog","status":"publish","type":"page","link":"https:\/\/www.alaidespsicologa.com.br\/index.php\/blog\/","title":{"rendered":"Blog"},"content":{"rendered":"\n<p>Psicoterapia<\/p>\n\n\n\n<p>\u00c9 uma das maneiras poss\u00edveis de ajuda a quem est\u00e1 vivenciando a ang\u00fastia. <\/p>\n\n\n\n<p>Olhar para os sintomas que vem causando mal estar.<\/p>\n\n\n\n<p>Cuidar e olhar internamente o que vem sentindo e n\u00e3o consegue dar conta s\u00f3zinho de tais situa\u00e7\u00f5es que causaram desconfortos um dia<\/p>\n\n\n\n<p>. E assim as causas de doen\u00e7as:<\/p>\n\n\n\n<p>Engole o choro<\/p>\n\n\n\n<p>Engole o sapo<\/p>\n\n\n\n<p> Cale a boca<\/p>\n\n\n\n<p>Cala o peito<\/p>\n\n\n\n<p>O corpo fala, fala a ponta dos dedos batendo na mesa, fala os p\u00e9s enquanto  dorme na cama.<\/p>\n\n\n\n<p>Fala a dor de cabe\u00e7a, gastrite, garganta, refluxo, ansiedade, n\u00f3 na garganta atravessado, fala a ang\u00fastia, a ruga na testa, fala o sono demasiado.<\/p>\n\n\n\n<p>Voc\u00ea se cala mas o falat\u00f3rio interno come\u00e7a.<\/p>\n\n\n\n<p>As pessoas adoecem porque cultivam e guardam as coisas n\u00e3o digeridas dentro de seus cora\u00e7\u00f5es.<\/p>\n\n\n\n<p>Expressar-se, tranquiliza a dor.<\/p>\n\n\n\n<p>Dor n\u00e3o \u00e9 para sentir para sempre.<\/p>\n\n\n\n<p>Dor \u00e9 virgula<\/p>\n\n\n\n<p> <\/p>\n\n\n\n<p>A an\u00e1lise ensina a amar, possibilita ao analisante reconhecer pela experi\u00eancia que<\/p>\n\n\n\n<p>a indiferen\u00e7a mata o amor com a cumplicidade daquele a quem se ama.<\/p>\n","protected":false},"excerpt":{"rendered":"<p>Psicoterapia \u00c9 uma das maneiras poss\u00edveis de ajuda a quem est\u00e1 vivenciando a ang\u00fastia. Olhar para os sintomas que vem causando mal estar. Cuidar e olhar internamente o que vem sentindo e n\u00e3o consegue dar conta s\u00f3zinho de tais situa\u00e7\u00f5es que causaram desconfortos um dia . E assim as causas de doen\u00e7as: Engole o choro&#8230;<\/p>\n<div class=\" [&hellip;]\"><a href=\"https:\/\/www.alaidespsicologa.com.br\/index.php\/blog\/\">Ler Artigo<\/a><\/div>\n","protected":false},"author":1,"featured_media":0,"parent":0,"menu_order":0,"comment_status":"closed","ping_status":"closed","template":"page-blog.php","meta":{"footnotes":""},"class_list":["post-699","page","type-page","status-publish","hentry"],"_links":{"self":[{"href":"https:\/\/www.alaidespsicologa.com.br\/index.php\/wp-json\/wp\/v2\/pages\/699","targetHints":{"allow":["GET"]}}],"collection":[{"href":"https:\/\/www.alaidespsicologa.com.br\/index.php\/wp-json\/wp\/v2\/pages"}],"about":[{"href":"https:\/\/www.alaidespsicologa.com.br\/index.php\/wp-json\/wp\/v2\/types\/page"}],"author":[{"embeddable":true,"href":"https:\/\/www.alaidespsicologa.com.br\/index.php\/wp-json\/wp\/v2\/users\/1"}],"replies":[{"embeddable":true,"href":"https:\/\/www.alaidespsicologa.com.br\/index.php\/wp-json\/wp\/v2\/comments?post=699"}],"version-history":[{"count":3,"href":"https:\/\/www.alaidespsicologa.com.br\/index.php\/wp-json\/wp\/v2\/pages\/699\/revisions"}],"predecessor-version":[{"id":1222,"href":"https:\/\/www.alaidespsicologa.com.br\/index.php\/wp-json\/wp\/v2\/pages\/699\/revisions\/1222"}],"wp:attachment":[{"href":"https:\/\/www.alaidespsicologa.com.br\/index.php\/wp-json\/wp\/v2\/media?parent=699"}],"curies":[{"name":"wp","href":"https:\/\/api.w.org\/{rel}","templated":true}]}}